prime factors of d?
157
Let r(h) = -659*h - 51. Let o(i) = -330*i - 26. Let f(q) = -7*o(q) + 3*r(q). List the prime factors of f(2).
5, 139
Suppose -n + 0 = -v - 2, n + v - 4 = 0. List the prime factors of (-147)/(-49)*(-1)/n*-79.
79
Suppose 115*h = 145*h - 1573320. List the prime factors of h.
2, 7, 1873
Let g be (-12)/(-4) - 0/1. Suppose -a = 3*h - 72, 0*h + 3*a - 78 = -g*h. Let w = h + 1. List the prime factors of w.
2, 3
Let t = -229 + 246. Suppose t*v = 1031 + 2658. List the prime factors of v.
7, 31
Let c = -72 + 564. List the prime factors of c.
2, 3, 41
Suppose -12*l + 29*l + 8*l = 121600. What are the prime factors of l?
2, 19
Let s(u) = 2*u**3 + 33*u**2 + 33*u - 72. Let r(v) = -v**3 - 17*v**2 - 16*v + 36. Let k(i) = -9*r(i) - 4*s(i). Let f = 18 + -38. List the prime factors of k(f).
2, 31
Let o(z) be the third derivative of 0 - 7/12*z**4 - 27*z**2 - 17/60*z**5 - 1/120*z**6 - 1/6*z**3 + 0*z. List the prime factors of o(-17).
3, 79
Suppose 2*c = 2*w, -3*w - 2*w = 5*c. Suppose -42 = -3*i + 5*g, w*g = g. Let f = 59 - i. What are the prime factors of f?
3, 5
Suppose 0 = 9*c + 6599 - 23681. List the prime factors of c.
2, 13, 73
Let f(j) = 2*j + 12. Let w be f(-5). Let o(q) = 7*q**3 - q**2 - 2*q + 2. Let z be o(w). Let l = -23 + z. List the prime factors of l.
3
Let q be (-3)/9*(-9)/(-3). Let j be 164/10 + q + 4/(-10). Suppose -81 = -n - j. What are the prime factors of n?
2, 3, 11
Let t(m) = 6*m**3 + m**2 + 12*m - 228. Let w(g) = 5*g**3 + g**2 + 11*g - 230. Let u(n) = 4*t(n) - 5*w(n). List the prime factors of u(0).
2, 7, 17
Suppose 0 = -4*d - 4*v + 92, -5*d + 4*v = -4*d - 3. Suppose 989 = d*l - 5870. List the prime factors of l.
19
Suppose -2*v - 3*c = -3550, 6*c - 7072 = -4*v + 7*c. Suppose -2*x + 539 = -2*f - 347, f + v = 4*x. Let q = x + -226. What are the prime factors of q?
2, 3
Let w(c) = 2*c - 10. Let n be w(6). Suppose n*j = 3 - 3. Suppose 0 = i - u - 110, 5*i + u - 532 = -j*u. What are the prime factors of i?
107
Let q = -165 + 167. Suppose 547 - 171 = 2*b - 4*n, -q*n = 4*b - 752. List the prime factors of b.
2, 47
Suppose 6*z = 2*z + 89332. What are the prime factors of z?
23, 971
Let a = 0 + -115. Let s = 67 - a. Suppose s + 12 = 2*j. List the prime factors of j.
97
Suppose -5 - 13 = 6*l. Let f be 776 + (-5)/(-15)*l. Suppose -f = -4*z - 83. List the prime factors of z.
173
Let t(l) = 469*l - 1363. What are the prime factors of t(55)?
2, 3, 509
Let s(x) = -x**3 + 92*x**2 + 131*x - 1059. What are the prime factors of s(93)?
3, 5, 11
Let l = -357 + 359. Suppose -l*y + 746 = 4*f, -7*f - 5*y + 191 = -6*f. List the prime factors of f.
2, 3, 31
Suppose 0 = -12*f - 1776 + 67422 - 10602. List the prime factors of f.
3, 11, 139
Let f(a) = -36*a + 100. Let m be f(7). Let w = m + 160. What are the prime factors of w?
2
Let a = -7849 - -37618. List the prime factors of a.
3, 9923
Let q be (-64)/(-2) - (-256)/(-32). Suppose 10*v = -q*v + 9588. List the prime factors of v.
2, 3, 47
Let j(c) = -8*c + 2. Let k(a) = -3*a - 58. Let d be k(-13). What are the prime factors of j(d)?
2, 7, 11
Let x = 6214 + -3293. Suppose u + 888 = -2*q + x, 4*q - 4*u = 4072. What are the prime factors of q?
3, 113
Suppose -283965 = -5*a - 4*w, 4*a = -4*w + 328895 - 101719. What are the prime factors of a?
109, 521
Let t = -40 + 45. Suppose 0 = -t*y - 0*y + 1670. What are the prime factors of y?
2, 167
Let f = -56 + 36. Let x = 23 + f. Suppose 2*g + 12 = x*g. List the prime factors of g.
2, 3
Suppose -3*t + 6018 = -2*m, 5*t - m - 528 - 9516 = 0. What are the prime factors of t?
2, 3, 5, 67
Let b(j) = -j**2 - 16*j - 24. Let r be b(-14). Suppose -3*o - r*i + 1332 = 0, 0*o + 5*o + 5*i - 2215 = 0. List the prime factors of o.
2, 5, 11
Let h = -133 + 121. Let k be 26/h + (-3)/(-18). List the prime factors of (-6)/4*k + 91.
2, 47
Let q = -102 + 120. List the prime factors of -2*10/12*q/(-2).
3, 5
List the prime factors of (10421/4)/((14/(-72))/(385/(-165))).
3, 17, 613
Let h be 22 + 0*(-3 - -2) + -2. List the prime factors of 5752/h - (-6)/(-10).
7, 41
Suppose 0*y - 17*y + 42339 + 142706 = 0. List the prime factors of y.
5, 7, 311
Let w(y) = -5*y**2 + 4*y**2 + 5 - 6*y - 3 - 6. Let d be w(-5). What are the prime factors of 6*(85/10 - (d + -4))?
3, 23
Let n = -22 - -35. Suppose n*h - 15*h = -14. What are the prime factors of (10 - h)/(9/384)?
2
Let y be 48/(-21) + 2 + (-3030)/(-21). Suppose -y = -9*o + 6*o. Suppose -o - 98 = -2*b. What are the prime factors of b?
73
Let y(v) = -6*v - 29. Let u be y(-3). What are the prime factors of (9/(33/u))/(6/(-1202))?
601
Let r(p) = 15*p**2 + 7 - 35*p + 33*p + 4. Let k be r(-6). Suppose -2*w + 300 = -2*z, 3*w - z - k = -103. What are the prime factors of w?
5, 31
Let m = 20 - 13. Suppose 4*w + 10 = -5*a, -m*w + 2*w - 5*a - 10 = 0. Suppose -4*i = 2*n - 4 - w, -4*n = 3*i - 33. List the prime factors of n.
2, 3
Let x(f) = -24*f + 170. Let z be x(7). Suppose 2*m - z*r = 260, 2*m - 203 = 4*r + 47. List the prime factors of m.
3, 5
Suppose 240 = -3*t + 1077. Let d = 301 - 112. Let u = t - d. What are the prime factors of u?
2, 3, 5
Suppose 34*w - 5585 = 29*w. Suppose 3*i = 2*f - w, -f + 2*i = -207 - 350. List the prime factors of f.
563
Suppose 70444 - 8921 = 178*i - 70019. What are the prime factors of i?
739
Suppose 2*c = -2*c - 20. Let d be (-41)/(-1) + c + 2. Let p = -35 + d. What are the prime factors of p?
3
Let b be -38*(-3 - 2)/10. Suppose -5*w = -6*w - b. Let d = 6 - w. List the prime factors of d.
5
Let y = 114 + -115. What are the prime factors of (y/(-2))/(10/4660)?
233
What are the prime factors of ((-19)/((-1425)/(-100)))/((-2)/2307)?
2, 769
Let w(c) = c**2 - c + 3. Let z be w(0). Suppose z*p + 3*p = 12. What are the prime factors of -65*(3 - 5)/p?
5, 13
Suppose -o - 4*h + 30751 = 0, 0 = 5*h + 42 - 77. List the prime factors of o.
3, 7, 11, 19
Suppose -14 = -2*l + y, 2*l - 22 = -2*l - y. Suppose 6*j = -l*j + 3540. List the prime factors of j.
5, 59
Let m be (-2)/(-11) + (-120)/55. Let k be (0/(-2) - m) + -7. What are the prime factors of (-59)/(((-5)/(-2))/k*1)?
2, 59
Let q be (1/(-3)*-6)/(2/5). Suppose -4*g = -q*x - 21, 4 = -2*x - 2*x. Suppose -4*d + g*m = -340, 0*m = 5*m + 15. List the prime factors of d.
2, 41
Let h = -530 - -1047. Suppose 7*c - h = -139. Suppose -k + 2*k = c. What are the prime factors of k?
2, 3
List the prime factors of 30/(-40)*(1 - 0 - 2509).
3, 11, 19
Let j be 150/(-100) - ((-7)/2)/1. Suppose j*p - 6*p + 641 = a, -2*p = a - 631. List the prime factors of a.
3, 23
Suppose -50*p + 26*p = 44*p - 794376. What are the prime factors of p?
2, 3, 11, 59
Suppose -3*z + w = 0, 6*z = z - 2*w. Suppose 736*l - 732*l - 880 = z. What are the prime factors of l?
2, 5, 11
Let o(r) = -r**2 + 9 + 14 + 14 + 16*r - 49 + 11. Let p = -17 - -29. List the prime factors of o(p).
47
Suppose -4*s + 4126 + 7341 = z, 2*z - 22940 = -5*s. List the prime factors of z.
3, 5, 17
Let l(g) = -g**3 + 10*g**2 + 5*g - 16. Let d be l(14). Let k = 517 + d. Let p = k + 409. List the prime factors of p.
2, 7
Let t(o) = -1057*o - 337. List the prime factors of t(-7).
2, 3, 11, 107
Let f(j) be the first derivative of -23*j**2/2 - 16*j + 135. List the prime factors of f(-8).
2, 3, 7
Let b be 10*9/(-12)*-2. List the prime factors of 3/(-1)*(-7 - 350/b).
7, 13
Suppose -6*f - 6*f = -24. Suppose -3*h - 196 + 38 = -f*s, 0 = -2*h + 8. What are the prime factors of s?
5, 17
Let l = 5 - -76. Let g be (-18)/l - 434/(-9). Suppose -9*z + g = -5*z. List the prime factors of z.
2, 3
Suppose -74864 = -6*k + 5*u, k - 12*u - 12477 = -11*u. What are the prime factors of k?
12479
Suppose r - 2*l = 8979, -3*r = -0*r + l - 26902. Suppose -41 = 24*i - r. What are the prime factors of i?
2, 3, 31
Let v(n) = -74*n**3 + n**2 + n + 3. Let o be v(-2). Let i = -415 + o. What are the prime factors of i?
2, 7, 13
Let f be 0 + -177 - (-3)/(-1). Suppose -n + 19 = 2*g - 0*g, 80 = 5*g - 4*n. What are the prime factors of ((-27)/5)/(g/f)?
3
Let j(o) = o**2 - 5*o - 19. Let v be j(-6). Suppose 44*d + 1158 = v*d. List the prime factors of d.
2, 193
Suppose -3*w + 151 + 569 = 0. Let o = w + 98. What are the prime factors of o?
2, 13
Suppose 2*o = -2*o + 15*o - 135575. What are the prime factors of o?
5, 17, 29
Suppose -4*t + y = -0*y + 137, 5*y = -5*t - 190. Let s be (-9 + 7)/((-5